{"id":201,"date":"2020-03-30T13:22:18","date_gmt":"2020-03-30T20:22:18","guid":{"rendered":"http:\/\/tanz-mit-balance.de\/?page_id=201"},"modified":"2020-04-07T13:00:37","modified_gmt":"2020-04-07T20:00:37","slug":"fotonachweis","status":"publish","type":"page","link":"https:\/\/tanz-mit-balance.de\/?page_id=201","title":{"rendered":"Fotonachweis"},"content":{"rendered":"<p>Fotos: Erhard Schleyer, Beatrice Schmidt, Melanie W\u00f6hlk<\/p>\n<p>Wir waren bem\u00fcht, die Bildnachweise so genau wie m\u00f6glich zu erbringen. Sollten uns dennoch Fehler unterlaufen sein, bitten wir etwaige Urheberrechtsinhaber, mit uns Kontakt aufzunehmen. Falls Privatpersonen, Firmen oder sonstige Institutionen durch diese Seite ihre Rechte verletzt sehen, so bitten wir um Nachricht. Entsprechende Korrekturen werden dann durchgef\u00fchrt.<\/p>\n","protected":false},"excerpt":{"rendered":"<p>Fotos: Erhard Schleyer, Beatrice Schmidt, Melanie W\u00f6hlk Wir waren bem\u00fcht, die Bildnachweise so genau wie m\u00f6glich zu erbringen. Sollten uns dennoch Fehler unterlaufen sein, bitten wir etwaige Urheberrechtsinhaber, mit uns Kontakt aufzunehmen. Falls Privatpersonen, Firmen oder sonstige Institutionen durch diese [&hellip;]<\/p>\n","protected":false},"author":2,"featured_media":0,"parent":0,"menu_order":0,"comment_status":"closed","ping_status":"closed","template":"","meta":{"footnotes":""},"class_list":["post-201","page","type-page","status-publish","hentry"],"_links":{"self":[{"href":"https:\/\/tanz-mit-balance.de\/index.php?rest_route=\/wp\/v2\/pages\/201","targetHints":{"allow":["GET"]}}],"collection":[{"href":"https:\/\/tanz-mit-balance.de\/index.php?rest_route=\/wp\/v2\/pages"}],"about":[{"href":"https:\/\/tanz-mit-balance.de\/index.php?rest_route=\/wp\/v2\/types\/page"}],"author":[{"embeddable":true,"href":"https:\/\/tanz-mit-balance.de\/index.php?rest_route=\/wp\/v2\/users\/2"}],"replies":[{"embeddable":true,"href":"https:\/\/tanz-mit-balance.de\/index.php?rest_route=%2Fwp%2Fv2%2Fcomments&post=201"}],"version-history":[{"count":3,"href":"https:\/\/tanz-mit-balance.de\/index.php?rest_route=\/wp\/v2\/pages\/201\/revisions"}],"predecessor-version":[{"id":332,"href":"https:\/\/tanz-mit-balance.de\/index.php?rest_route=\/wp\/v2\/pages\/201\/revisions\/332"}],"wp:attachment":[{"href":"https:\/\/tanz-mit-balance.de\/index.php?rest_route=%2Fwp%2Fv2%2Fmedia&parent=201"}],"curies":[{"name":"wp","href":"https:\/\/api.w.org\/{rel}","templated":true}]}}